{"id":3325,"date":"2025-11-12T14:57:54","date_gmt":"2025-11-12T12:57:54","guid":{"rendered":"https:\/\/www.pimpom.fi\/?post_type=product&#038;p=3325"},"modified":"2025-11-12T14:57:54","modified_gmt":"2025-11-12T12:57:54","slug":"janis-koira-ja-pieni-ruskea-hiiri","status":"publish","type":"product","link":"https:\/\/www.pimpom.fi\/?product=janis-koira-ja-pieni-ruskea-hiiri","title":{"rendered":"J\u00e4nis, koira ja pieni ruskea hiiri"},"content":{"rendered":"","protected":false},"excerpt":{"rendered":"<p>\u201dVoiko ujo pikku hiiri muuttua rohkeaksi ja pelastaa yst\u00e4v\u00e4ns\u00e4?\u201d<\/p>\n<p>Kirjailija Julia Hubery &#038; Jonathan Bentley<\/p>\n","protected":false},"featured_media":3326,"template":"","meta":[],"product_brand":[],"product_cat":[529],"product_tag":[],"class_list":{"0":"post-3325","1":"product","2":"type-product","3":"status-publish","4":"has-post-thumbnail","6":"product_cat-kirjat","8":"first","9":"instock","10":"sold-individually","11":"taxable","12":"shipping-taxable","13":"purchasable","14":"product-type-simple"},"_links":{"self":[{"href":"https:\/\/www.pimpom.fi\/index.php?rest_route=\/wp\/v2\/product\/3325","targetHints":{"allow":["GET"]}}],"collection":[{"href":"https:\/\/www.pimpom.fi\/index.php?rest_route=\/wp\/v2\/product"}],"about":[{"href":"https:\/\/www.pimpom.fi\/index.php?rest_route=\/wp\/v2\/types\/product"}],"wp:featuredmedia":[{"embeddable":true,"href":"https:\/\/www.pimpom.fi\/index.php?rest_route=\/wp\/v2\/media\/3326"}],"wp:attachment":[{"href":"https:\/\/www.pimpom.fi\/index.php?rest_route=%2Fwp%2Fv2%2Fmedia&parent=3325"}],"wp:term":[{"taxonomy":"product_brand","embeddable":true,"href":"https:\/\/www.pimpom.fi\/index.php?rest_route=%2Fwp%2Fv2%2Fproduct_brand&post=3325"},{"taxonomy":"product_cat","embeddable":true,"href":"https:\/\/www.pimpom.fi\/index.php?rest_route=%2Fwp%2Fv2%2Fproduct_cat&post=3325"},{"taxonomy":"product_tag","embeddable":true,"href":"https:\/\/www.pimpom.fi\/index.php?rest_route=%2Fwp%2Fv2%2Fproduct_tag&post=3325"}],"curies":[{"name":"wp","href":"https:\/\/api.w.org\/{rel}","templated":true}]}}